late the greatest common divisor of x and 38.
19
Let u = -19 + 12. Let j be (-154)/(-8) - u/(-28). Suppose -752 + 239 = -3*h. What is the greatest common factor of h and j?
19
Let x = 172 + -81. What is the highest common divisor of x and 7?
7
Suppose -4*n + 648 = -0*n. Let s = 2 - 2. Suppose s*x - 2*m = -3*x + 64, -5*m = 3*x - 29. What is the highest common factor of x and n?
18
Let z be 3*(-1)/((-3)/(-4)). Let g(k) = -3*k - 8. Let j be g(z). Suppose -11 = -j*u + 97. What is the highest common factor of 162 and u?
27
Let w(o) = -17*o + 491. Let m be w(27). What is the greatest common divisor of 72 and m?
8
Let q(u) be the first derivative of 25*u**2 + 19. Let j be q(1). Calculate the greatest common divisor of j and 75.
25
Let y = 108 + -100. Suppose i - y*i = -693. Calculate the highest common divisor of i and 9.
9
Suppose -5*c - 52 = -3*l, 0 = -5*l + 2*c + 89 + 23. Let u = l - 18. Calculate the greatest common factor of 9 and u.
3
Suppose 0 = p - 6*p - 260. Let k = p + 66. Calculate the greatest common factor of 42 and k.
14
Let i(v) = -4*v + 23. Let q be i(10). Let t = 22 + q. Let c(b) = b**3 - 5*b**2 - 3*b + 7. Let g be c(6). What is the greatest common divisor of t and g?
5
Let g = 1201 + -706. Calculate the highest common factor of 99 and g.
99
Let c be (63/(-28) - -3) + (-85)/(-4). Calculate the highest common divisor of c and 374.
22
Let b be (-111 - -157)*(-98)/(-4). Calculate the greatest common factor of 49 and b.
49
Let s(p) = 131*p + 123. Let w be s(3). What is the highest common factor of w and 387?
129
Suppose -d - 2*d + 3*k + 957 = 0, 0 = 3*d + 5*k - 925. What is the highest common divisor of 30 and d?
15
Suppose 0 = -183*y + 151*y + 4320. Calculate the highest common divisor of y and 459.
27
Let v = 51 + -28. Let h = -9 + v. Let n = -9 + 23. What is the highest common factor of n and h?
14
Suppose p - 46 = -2*x, 4*p + 2*x - 77 = 119. Suppose -4*k = 3*i + 56 + 44, 2*k + 4*i + 60 = 0. Let y = k - -47. Calculate the greatest common factor of p and y.
25
Let d = 69 + -50. Suppose 5*l - 6*l + d = 0. What is the greatest common divisor of l and 95?
19
Let n be -1*4/22 - 4/(-22). Suppose -370 = -8*b + 3*b - 5*f, 5*b - f - 376 = 0. Suppose n = y + 4*y - b. Calculate the greatest common divisor of y and 3.
3
Let s = 1568 - 1386. Calculate the greatest common factor of s and 455.
91
Let b(r) = 36*r**2 + 7*r - 24. Let l be b(4). Calculate the highest common divisor of 20 and l.
20
Suppose -23*x + 29 = -40. Calculate the highest common divisor of 3 and x.
3
Suppose -5*w + 2*w + 6 = 0. Suppose -2*c + 14 - 12 = 0. Suppose -c + w = h. What is the highest common factor of h and 11?
1
Let r = 284 - 9. What is the highest common divisor of 25 and r?
25
Let z = 227 - 191. Suppose -j + 25*a = 22*a - z, -3*j = -3*a - 84. Let g = -3 + 27. Calculate the highest common factor of j and g.
24
Let f(n) = 4*n**2 + 71*n - 85. Let l be f(-20). Calculate the greatest common divisor of 2375 and l.
95
Let d be 66/15 - 2/5. Suppose d*h - 4 = 8. Suppose 4 = o + h*o. What is the greatest common divisor of o and 4?
1
Let k(d) = -d**3 - d**2 - 3*d - 4. Let l be 1 - (3 + (0 - -2)). Let o be k(l). Let y be (-44 + 38)*7/(-3). Calculate the greatest common factor of o and y.
14
Let f(m) = -2*m**2 + m + 2. Let b be f(-2). Let n = -5 - b. Suppose 0 = n*i - 0*i - 12. What is the greatest common divisor of i and 12?
4
Suppose -5*s + 6*s = 6. Let c(i) = -6*i + 396. Let v be c(59). Calculate the greatest common factor of s and v.
6
Let k be (-6)/10*30/2. Let g = k + 18. What is the greatest common factor of g and 24?
3
Suppose -3*n + 4*m + 61 = 0, 0*n = -4*n + 2*m + 68. Let x = -55 + 35. Let g be 6/n - 152/x. What is the greatest common divisor of 8 and g?
8
Suppose 10*a - 14*a = -2624. What is the greatest common factor of 41 and a?
41
Suppose 0 = -i + 3 + 5. Let z(v) = v**2 - 17*v + 2. Let t be z(17). Suppose -4*y + 2 = -t. What is the greatest common divisor of i and y?
1
Suppose 2*v - 34 = -k - k, -4*k = -4*v - 68. What is the greatest common divisor of k and 85?
17
Let k be 15/(-3)*(-32 - 1). Suppose -k = 9*t - 1245. Calculate the highest common factor of 24 and t.
24
Suppose 2*n = -2*i + 340, -6*i = -4*i - n - 334. Calculate the highest common divisor of 24 and i.
24
Let v = -123 - -198. Let r = 81 - v. Calculate the highest common factor of 12 and r.
6
Let i(t) = 4*t**3 - 2*t**2 + 1. Let w be i(1). Let a be (-18)/(-4)*16/w. Calculate the greatest common divisor of 8 and a.
8
Suppose 4*n - 194 = 2*v, n + 0*v = -v + 53. Let o(d) = d**2 - 17*d - 118. Let b be o(23). Calculate the highest common factor of b and n.
10
Let v be (-7)/(63/(-12))*81/18. Suppose s - 6*s + 14 = -h, 24 = 2*h + 3*s. What is the greatest common factor of v and h?
6
Suppose -12*m = -23*m + 330. Calculate the greatest common divisor of m and 315.
15
Let m = -232 + -136. Let l = 17 - m. What is the greatest common divisor of l and 55?
55
Suppose -7*w = -3*w - 204. Suppose 0 = -4*i - 34 + 98. Let j be ((-34)/8)/((-2)/i). Calculate the highest common factor of j and w.
17
Suppose -4*m + 2*o = -146, -2*o - 67 = -2*m + 7. What is the greatest common divisor of 36 and m?
36
Suppose -3*h + 631 = 4*u, 4*u - 6 = -2. Let g(f) = f**3 - f + 5. Let r be g(0). Suppose -4*l - 19 = -r*l. Calculate the highest common divisor of h and l.
19
Let y be (338*-1)/((-42)/84). What is the highest common factor of y and 52?
52
Let s be (-32 - -31)*(-22)/2. What is the greatest common factor of s and 1221?
11
Let y(l) = l**3 + 20*l**2 + 15*l - 18. Let k be y(-19). What is the greatest common divisor of 464 and k?
58
Suppose f - 26 = p - 3*f, p + 1 = -f. Let j be (-4)/p*(-18)/(-4). Suppose 4*o - 2*q = -j*q + 59, 11 = o + 4*q. What is the highest common factor of o and 75?
15
Suppose 34*w - 25*w = 162. What is the greatest common divisor of 54 and w?
18
Suppose 102 = -5*u + 667. Let i = u - 77. Suppose -276 = -3*x + i. Calculate the highest common divisor of 13 and x.
13
Let l be ((-57)/(-114))/(2/1064). What is the greatest common factor of 190 and l?
38
Let q(p) be the third derivative of -p**6/120 + 11*p**5/60 + 17*p**4/24 - p**3/6 - 2*p**2 + 1. Let d be q(12). What is the greatest common factor of d and 531?
59
Suppose 0 = -3*d - 2*i + 70 + 39, 12 = -3*i. Let j = d - 12. What is the greatest common divisor of 162 and j?
27
Suppose -3*r = -9, -2*z - 2*r + 21 = 3. What is the greatest common divisor of 24 and z?
6
Suppose -m - 4*b - b = -182, -5*m + 954 = 3*b. Suppose -10*h + 13*h = m. What is the highest common divisor of h and 16?
16
Suppose -5*l = -l - 8. Suppose l*a - 317 = -5*t + 4*a, -t = a - 62. Suppose 118*j + 147 = 125*j. Calculate the highest common factor of t and j.
21
Let h = -1 + 3. Suppose 0 = -98*r + 87*r + 55. What is the highest common factor of r and h?
1
Let f(d) = 50*d - 190. Let w be f(4). What is the greatest common factor of 95 and w?
5
Let w be ((-32)/6)/((-5)/(150/5)). Calculate the greatest common factor of 10 and w.
2
Suppose -4*f + 0*f = 0, 3*a + 4*f - 156 = 0. What is the greatest common divisor of a and 52?
52
Suppose n - k = 3, -2*n + 4*k - 1 + 11 = 0. Suppose x - n = 1. Suppose 5*i - 210 = x*i. What is the highest common divisor of i and 10?
10
Let k = -618 - -722. What is the highest common divisor of k and 16?
8
Suppose -2*s = -2*f + 76, 5*f + 5*s = -38 + 178. Suppose 0 = -11*q + f + 99. Calculate the greatest common factor of q and 36.
12
Let t = -141 - -157. Let g(a) = -a**2 + 20*a + 42. Let j be g(t). What is the highest common divisor of j and 159?
53
Let c be 3 + -62*1/2. Let o = c + 54. Suppose -4*v + 94 + 62 = 0. Calculate the highest common factor of v and o.
13
Let c = -50 + 86. What is the greatest common divisor of c and 6?
6
Suppose 3*o + 2*h - 62 = 58, -3*h - 143 = -4*o. What is the highest common divisor of o and 304?
38
Suppose 0 = 4*k + k - 90. Let t(h) = -5 - 3*h**3 + 7*h - 10*h - 1. Let p be t(-4). What is the highest common divisor of k and p?
18
Suppose -r - 62 = -v, 6*r - 2*v = 3*r - 182. Let k = r + 82. Let o be (-3)/(-12) + 94/8. What is the greatest common factor of o and k?
12
Let m = 506 + -462. Let n = -5 + 9. What is the greatest common factor of m and n?
4
Let v be ((-10)/15)/(2/(-6)). Suppose 0*o + v*o = 22. Calculate the highest common factor of o and 22.